?
True
Is 133979383 composite?
True
Is 216327511 a prime number?
False
Is 13999057 composite?
False
Is 16308209 a prime number?
True
Is 850861399 prime?
False
Is 83753321 composite?
True
Is 26788739 composite?
True
Is 433997 prime?
False
Is 22368574 prime?
False
Is 96226651 a prime number?
True
Is 14164013 a prime number?
True
Is 21486295 a composite number?
True
Is 1882861 a composite number?
False
Is 37924217 a composite number?
True
Is 12717697 a composite number?
False
Is 3183847 prime?
False
Is 1857235 composite?
True
Is 433759 a prime number?
True
Is 115882378 composite?
True
Is 22154297 composite?
True
Is 1372829 a prime number?
True
Is 89678453 prime?
True
Is 22353581 composite?
False
Is 1435099 a prime number?
False
Is 10885129 prime?
False
Is 81502079 composite?
True
Is 7529711 a composite number?
True
Is 12679241 prime?
True
Is 130880693 a composite number?
True
Is 51194041 prime?
True
Is 30223469 a prime number?
True
Is 291403679 a prime number?
False
Is 659619263 a composite number?
True
Is 33192727 a prime number?
False
Is 520577 a prime number?
False
Is 27053951 a composite number?
True
Is 15984113 a composite number?
False
Is 1401437 a prime number?
True
Is 54508037 prime?
False
Is 4044785 prime?
False
Is 14376269 composite?
True
Is 392949715 composite?
True
Is 640193 prime?
True
Is 2566463 a prime number?
False
Is 30803531 a prime number?
False
Is 6380173 a prime number?
False
Is 8095394 a composite number?
True
Is 74109527 a prime number?
False
Is 32964431 a composite number?
False
Is 70446989 a prime number?
False
Is 266381887 a prime number?
True
Is 81348661 a composite number?
False
Is 1627849 a prime number?
True
Is 2120809 a composite number?
True
Is 4126139 prime?
True
Is 65287163 prime?
True
Is 61385353 composite?
False
Is 30833141 prime?
False
Is 15207991 composite?
True
Is 152710147 composite?
False
Is 148995433 prime?
True
Is 30055481 composite?
True
Is 200769119 composite?
False
Is 1693027 a composite number?
True
Is 21640085 a composite number?
True
Is 184722337 composite?
False
Is 227261723 a prime number?
False
Is 1255679 prime?
True
Is 12658021 a composite number?
True
Is 174645253 prime?
True
Is 817489 a prime number?
False
Is 14439926 a composite number?
True
Is 555329 a composite number?
True
Is 544346317 prime?
True
Is 36311383 a prime number?
True
Is 29053039 a composite number?
False
Is 17986583 a prime number?
False
Is 584845 a composite number?
True
Is 10209842 composite?
True
Is 1098830761 prime?
False
Is 78779 composite?
False
Is 155558411 prime?
True
Is 2291119 a prime number?
True
Is 128903 a prime number?
True
Is 25175951 a prime number?
True
Is 1854253 a prime number?
False
Is 297457 composite?
False
Is 74373577 prime?
True
Is 28039673 prime?
False
Is 2521313 prime?
False
Is 356431 prime?
False
Is 26177819 a prime number?
True
Is 39217421 a prime number?
True
Is 7643827 prime?
True
Is 565067 composite?
True
Is 2918689 prime?
True
Is 285131131 a composite number?
False
Is 1022113 prime?
True
Is 68244577 composite?
True
Is 258772357 composite?
False
Is 17311121 prime?
True
Is 2845351 prime?
False
Is 25681121 composite?
True
Is 137522281 composite?
True
Is 799247 a composite number?
True
Is 1884679153 a composite number?
True
Is 8705351 prime?
True
Is 63215021 composite?
False
Is 43655903 prime?
False
Is 1217617 composite?
False
Is 1106267 composite?
False
Is 5033291 a prime number?
True
Is 796182967 composite?
True
Is 5760497 prime?
True
Is 1853405233 composite?
True
Is 9205737 a composite number?
True
Is 21303341 prime?
True
Is 122938807 prime?
False
Is 5255687 a composite number?
False
Is 258853659 a composite number?
True
Is 633955913 composite?
True
Is 253967771 prime?
False
Is 4572979 composite?
False
Is 11162831 prime?
False
Is 678479 a prime number?
True
Is 87100339 prime?
False
Is 1903937179 a prime number?
False
Is 3763657 prime?
True
Is 19069 a prime number?
True
Is 68549779 prime?
False
Is 365763809 a composite number?
True
Is 2058161 a composite number?
True
Is 1840771 a prime number?
True
Is 2404529 composite?
False
Is 2105027 a prime number?
True
Is 27765361 composite?
True
Is 4311799 prime?
False
Is 30315671 prime?
True
Is 1663267 a composite number?
False
Is 5906465 a prime number?
False
Is 310831385 a composite number?
True
Is 300947747 a composite number?
True
Is 64961509 prime?
True
Is 121599901 a prime number?
False
Is 955231 composite?
True
Is 397833413 a composite number?
True
Is 1412843 prime?
False
Is 2752059 a composite number?
True
Is 3835893 composite?
True
Is 10123781 a composite number?
False
Is 179257499 composite?
False
Is 349019795 a prime number?
False
Is 16362241 a prime number?
False
Is 67131223 prime?
True
Is 82608229 a composite number?
True
Is 17899747 prime?
True
Is 28501526 a prime number?
False
Is 19293353 composite?
True
Is 120538793 prime?
False
Is 46111919 composite?
True
Is 570329 a composite number?
False
Is 21693106 a prime number?
False
Is 687109 composite?
False
Is 101074241 prime?
False
Is 44417185 a composite number?
True
Is 97550861 a composite number?
True
Is 364052669 a composite number?
False
Is 364282081 a prime number?
True
Is 850481 composite?
False
Is 14715749 a composite number?
True
Is 32086079 prime?
False
Is 333817 prime?
False
Is 1307209 a composite number?
False
Is 394511 composite?
True
Is 337177 a composite number?
True
Is 67936523 prime?
True
Is 270081467 prime?
False
Is 45070121 a composite number?
False
Is 80263 a composite number?
False
Is 80753137 prime?
False
Is 53512861 prime?
True
Is 1024853 a prime number?
True
Is 37592263 a composite number?
True
Is 6629821 a prime number?
False
Is 770519 a composite number?
False
Is 16975867 a prime number?
True
Is 1771531 a prime number?
True
Is 96773459 composite?
False
Is 27848131 prime?
True
Is 389902603 a prime number?
True
Is 1790771 composite?
False
Is 849857 composite?
False
Is 25232591 a prime number?
True
Is 995779 prime?
False
Is 543547093 composite?
False
Is 97812053 a composite number?
True
Is 1642754 a prime number?
False
Is 18028463 prime?
False
Is 5321837 a prime number?
True
Is 16188089 prime?
False
Is 273143551 prime?
True
Is 2898379 composite?
True
Is 1399997 a composite number?
True
Is 2635643 a prime number?
True
Is 61484327 a composite number?
False
Is 36300023 composite?
False
Is 1269527 composite?
True
Is 24402421 composite?
True
Is 19542899 a composite number?
False
Is 29026369 composite?
True
Is 513635245 a prime number?
False
Is 1674749 prime?
False
Is 1594979 prime?
False
Is 12930835 a composite number?
True
Is 603227 a prime number?
True
Is 552499 a composite number?
True
Is 1081067513 prime?
False
Is 721793 prime?
True
Is 5611997 composite?
False
Is 95641639 a prime number?
True
Is 13581781 prime?
True
Is 95021113 a composite number?
True
Is 5774273 prime?
True
Is 559177 composite?
False
Is 595914293 a composite number?
True
Is 828169 a prime number?
True
Is 3332197 composite?
True
Is 243989981 a prime number?
False
Is 1708117 a composite number?
True
Is 75075173 composite?
False
Is 39836077 prime?
True
Is 1993921 composite?
False
Is 139412023 a composite number?
True
Is 138805949 prime?
True
Is 432922727 composite?
False
Is 495541547 a composite number?
False
Is 49580339 composite?
False
Is 4740661 a prime number?
False
Is 3087793 composite?
False
Is 20099743 a prime number?
True
Is 71307857 composite?
True
Is 2174051 composite?
True
Is 18401639 a prime number?
True
Is 2775959 prime?
True
Is 68530381 a composite number?
True
Is 805399 a prime number?
False
Is 291540061 composite?
False
Is 20601461 composite?
True
Is 60623422 prime?
False
Is 23028767 composite?
True
Is 86082617 a composite number?
False
Is 3899677 a composite number?
True
Is 8722499 composite?
False
Is 7448681 prime?
False
Is 28581997 a composite number?
True
Is 242186947 composite?
True
Is 25410571 prime?
False
Is 3913489 a prime number?
True
Is 1467049 composite?
True
Is 27526963 composite?
True
Is 156539 composite?
False
Is 11371817 a prime number?
True
Is 6005179 composite?
True
Is 1734191 composite?
True
Is 13858709 prime?
True
Is 8683037 a composite number?
True
Is 15794601 prime?
False
Is 316235719 a prime number?
True
Is 70859869 prime?
False
Is 1896665 composite?
True
Is 2728321 